{"id":1042,"date":"2023-02-08T12:43:35","date_gmt":"2023-02-08T12:43:35","guid":{"rendered":"https:\/\/creaius.es\/?page_id=1042"},"modified":"2023-05-29T12:26:48","modified_gmt":"2023-05-29T12:26:48","slug":"energia-fotovoltaica","status":"publish","type":"page","link":"https:\/\/creaius.es\/index.php\/energia-fotovoltaica\/","title":{"rendered":"Energ\u00eda Fotovoltaica"},"content":{"rendered":"<style>\/*! elementor - v3.10.0 - 09-01-2023 *\/\n.elementor-heading-title{padding:0;margin:0;line-height:1}.elementor-widget-heading .elementor-heading-title[class*=elementor-size-]>a{color:inherit;font-size:inherit;line-height:inherit}.elementor-widget-heading .elementor-heading-title.elementor-size-small{font-size:15px}.elementor-widget-heading .elementor-heading-title.elementor-size-medium{font-size:19px}.elementor-widget-heading .elementor-heading-title.elementor-size-large{font-size:29px}.elementor-widget-heading .elementor-heading-title.elementor-size-xl{font-size:39px}.elementor-widget-heading .elementor-heading-title.elementor-size-xxl{font-size:59px}<\/style>\n<h2>Energ\u00eda Fotovoltaica<\/h2>\n<p>La energ\u00eda fotovoltaica es una forma de energ\u00eda renovable que convierte la luz solar en energ\u00eda el\u00e9ctrica. Esta tecnolog\u00eda es una soluci\u00f3n sostenible y respetuosa con el medio ambiente, y permite reducir la dependencia de los combustibles f\u00f3siles y ahorrar en facturas de energ\u00eda.\u00a0<\/p>\n<p><strong>\u00a1\u00danete a la revoluci\u00f3n energ\u00e9tica con Creaius!<\/strong><\/p>\n<p>En Creaius contemplamos tres tipos de instalaciones fotovoltaicas. \u00a1Te las explicamos a continuaci\u00f3n!<\/p>\n<p style=\"text-align: center;\">CASA DE CAMPO<\/p>\n<p>Pensadas para casas de campo sin electricidad, que no se utilicen como vivienda principal.<\/p>\n<p>\u00a0Con esta instalaci\u00f3n podr\u00e1s disfrutar de iluminaci\u00f3n, nevera, TV, WiFi, videovigilancia, microondas (700 W) y depuradora para piscinas en verano&#8230;<\/p>\n<p>Tambien es posible llevar la luz a casas de campo que se quieren usar como domicilio principal.<\/p>\n<p>\t\t\t<a href=\"#\" role=\"button\"><br \/>\n\t\t\t\t\t\t\u00a1QUIERO SABER M\u00c1S!<br \/>\n\t\t\t\t\t<\/a><\/p>\n<p style=\"text-align: center;\">HOGAR<\/p>\n<p>Pensadas para casas que esten conectadas a red y se encuentren en terreno urbanizado.<\/p>\n<p>\u00a0Con esta instalaci\u00f3n conseguieras reducir la factura de la luz hasta en un 70%. Es una forma interesante de rducir la factura y crear un hogar verde.<\/p>\n<p>Se pueden conectar baterias para almacenar el excedente y ahorrar aun m\u00e1s .<\/p>\n<p>\t\t\t<a href=\"#\" role=\"button\"><br \/>\n\t\t\t\t\t\t\u00a1QUIERO SABER M\u00c1S!<br \/>\n\t\t\t\t\t<\/a><\/p>\n<p style=\"text-align: center;\">EMPRESA<\/p>\n<p>Pensadas para naves que esten conectadas a red y se encuentren en terreno urbanizado.<\/p>\n<p>\u00a0Con esta instalaci\u00f3n conseguir\u00e1s y numeros beneficios f\u00edscales. Pensadas para una potencia de entre 10 kW a 100 kW.<\/p>\n<p>Normalmente se tintenta acoger como una instalaci\u00f3n con exdentes.<\/p>\n<p>\t\t\t<a href=\"#\" role=\"button\"><br \/>\n\t\t\t\t\t\t\u00a1QUIERO SABER M\u00c1S!<br \/>\n\t\t\t\t\t<\/a><\/p>\n<h4>En Creaius ofrecemos muchas ventajas:<\/h4>\n<style>\/*! elementor - v3.10.0 - 09-01-2023 *\/\n.elementor-widget-image{text-align:center}.elementor-widget-image a{display:inline-block}.elementor-widget-image a img[src$=\".svg\"]{width:48px}.elementor-widget-image img{vertical-align:middle;display:inline-block}<\/style>\n<p>\t\t\t\t\t\t\t\t\t\t\t\t<img decoding=\"async\" width=\"87\" height=\"87\" src=\"https:\/\/creaius.es\/wp-content\/uploads\/2023\/02\/Captura_de_pantalla_2023-02-09_232437-removebg-preview.png\" alt=\"\" loading=\"lazy\" \/>\t\t\t\t\t\t\t\t\t\t\t\t\t\t\t<\/p>\n<p>Realizamos un <b>estudio personalizado gratis<\/b> para que tu mismos valores.<\/p>\n<p>\t\t\t\t\t\t\t\t\t\t\t\t\t\t\t<img decoding=\"async\" width=\"191\" height=\"172\" src=\"https:\/\/creaius.es\/wp-content\/uploads\/2023\/02\/Captura_de_pantalla_2023-02-09_232822-removebg-preview.png\" alt=\"\" loading=\"lazy\" \/>\t\t\t\t\t\t\t\t\t\t\t\t\t\t\t<\/p>\n<p>Tenemos precios muy competitivos.<\/p>\n<p>\t\t\t\t\t\t\t\t\t\t\t\t\t\t\t<img decoding=\"async\" width=\"144\" height=\"148\" src=\"https:\/\/creaius.es\/wp-content\/uploads\/2023\/02\/Captura_de_pantalla_2023-02-09_233016-removebg-preview.png\" alt=\"\" loading=\"lazy\" \/>\t\t\t\t\t\t\t\t\t\t\t\t\t\t\t<\/p>\n<p>\u00a0Te\u00a0 asesoramos en todo momento.<\/p>\n<p>\t\t\t\t\t\t\t\t\t\t\t\t\t\t\t<img decoding=\"async\" width=\"182\" height=\"170\" src=\"https:\/\/creaius.es\/wp-content\/uploads\/2023\/02\/Captura_de_pantalla_2023-02-09_233202-removebg-preview.png\" alt=\"\" loading=\"lazy\" \/>\t\t\t\t\t\t\t\t\t\t\t\t\t\t\t<\/p>\n<p>\u00a0Trabajamos con los\u00a0 \u00a0mejores fabricantes.<\/p>\n<p>\t\t\t\t\t\t\t\t\t\t\t\t\t\t\t<img decoding=\"async\" width=\"187\" height=\"154\" src=\"https:\/\/creaius.es\/wp-content\/uploads\/2023\/02\/Captura_de_pantalla_2023-02-09_233401-removebg-preview.png\" alt=\"\" loading=\"lazy\" \/><br \/>\n\t\tIncluimos la legalizaci\u00f3n en el presupuesto<\/strong><br \/>\n\t\t\t\t\t\t\t\t\t\t\t\t\t\t\t<img decoding=\"async\" width=\"114\" height=\"136\" src=\"https:\/\/creaius.es\/wp-content\/uploads\/2023\/02\/Captura_de_pantalla_2023-02-09_233545-removebg-preview.png\" alt=\"\" loading=\"lazy\" \/><br \/>\n\t\t\u00a0<strong>Gestionamos las subvenciones.<\/strong><br \/>\n\t\t\t\t\t\t\t\t\t\t\t\t\t\t\t<img decoding=\"async\" width=\"129\" height=\"142\" src=\"https:\/\/creaius.es\/wp-content\/uploads\/2023\/02\/Captura_de_pantalla_2023-02-09_233806-removebg-preview.png\" alt=\"\" loading=\"lazy\" \/><br \/>\n\t\t\u00a0<b style=\"color: #02b010; );\">Es decir, un proyecto llave en mano.\u00a0<\/b><\/p>\n<p style=\"text-align: center;\"><b>SOLO TENDR\u00c1S QUE PREUCUPARTE DE AHORRAR<\/b><\/p>\n<p>Si a\u00fan no est\u00e1s convencido, tienes que saber que el autoconsumo solar tiene numerosas ventajas:<\/p>\n<p>\t\t\t\t\t\t\t\t\t\t\t\t\t\t\t<img decoding=\"async\" width=\"512\" height=\"512\" src=\"https:\/\/creaius.es\/wp-content\/uploads\/2023\/02\/coin.png\" alt=\"\" loading=\"lazy\" srcset=\"https:\/\/creaius.es\/wp-content\/uploads\/2023\/02\/coin.png 512w, https:\/\/creaius.es\/wp-content\/uploads\/2023\/02\/coin-150x150.png 150w\" sizes=\"(max-width: 512px) 100vw, 512px\" \/>\t\t\t\t\t\t\t\t\t\t\t\t\t\t\t<\/p>\n<p>Ahorro en la factura de la luz: Al producir tu propia energ\u00eda, disminuyes la cantidad de energ\u00eda que necesitas comprar de la red el\u00e9ctrica y, por lo tanto, tu factura de la luz ser\u00e1 menor.<\/p>\n<p>\t\t\t\t\t\t\t\t\t\t\t\t\t\t\t<img decoding=\"async\" width=\"512\" height=\"512\" src=\"https:\/\/creaius.es\/wp-content\/uploads\/2023\/02\/recycle.png\" alt=\"\" loading=\"lazy\" srcset=\"https:\/\/creaius.es\/wp-content\/uploads\/2023\/02\/recycle.png 512w, https:\/\/creaius.es\/wp-content\/uploads\/2023\/02\/recycle-150x150.png 150w\" sizes=\"(max-width: 512px) 100vw, 512px\" \/>\t\t\t\t\t\t\t\t\t\t\t\t\t\t\t<\/p>\n<p>Fuente de energ\u00eda renovable y sostenible: La energ\u00eda fotovoltaica es una fuente de energ\u00eda renovable y sostenible que no emite gases contaminantes ni produce ruido.<\/p>\n<p>\t\t\t\t\t\t\t\t\t\t\t\t\t\t\t<img decoding=\"async\" width=\"512\" height=\"512\" src=\"https:\/\/creaius.es\/wp-content\/uploads\/2023\/02\/graph-1.png\" alt=\"\" loading=\"lazy\" srcset=\"https:\/\/creaius.es\/wp-content\/uploads\/2023\/02\/graph-1.png 512w, https:\/\/creaius.es\/wp-content\/uploads\/2023\/02\/graph-1-150x150.png 150w\" sizes=\"(max-width: 512px) 100vw, 512px\" \/>\t\t\t\t\t\t\t\t\t\t\t\t\t\t\t<\/p>\n<p>Independencia energ\u00e9tica: Al producir tu propia energ\u00eda, eres menos dependiente de las fluctuaciones de precios de la energ\u00eda en el mercado y de las interrupciones en la red el\u00e9ctrica.<\/p>\n<p>\t\t\t\t\t\t\t\t\t\t\t\t\t\t\t<img decoding=\"async\" width=\"512\" height=\"512\" src=\"https:\/\/creaius.es\/wp-content\/uploads\/2023\/02\/profit-growth.png\" alt=\"\" loading=\"lazy\" srcset=\"https:\/\/creaius.es\/wp-content\/uploads\/2023\/02\/profit-growth.png 512w, https:\/\/creaius.es\/wp-content\/uploads\/2023\/02\/profit-growth-150x150.png 150w\" sizes=\"(max-width: 512px) 100vw, 512px\" \/>\t\t\t\t\t\t\t\t\t\t\t\t\t\t\t<\/p>\n<p>Valorizaci\u00f3n de la propiedad: La instalaci\u00f3n de paneles fotovoltaicos en tu hogar puede aumentar el valor de tu propiedad.<\/p>\n<p>\t\t\t\t\t\t\t\t\t\t\t\t\t\t\t<img decoding=\"async\" width=\"512\" height=\"512\" src=\"https:\/\/creaius.es\/wp-content\/uploads\/2023\/02\/earth.png\" alt=\"\" loading=\"lazy\" srcset=\"https:\/\/creaius.es\/wp-content\/uploads\/2023\/02\/earth.png 512w, https:\/\/creaius.es\/wp-content\/uploads\/2023\/02\/earth-150x150.png 150w\" sizes=\"(max-width: 512px) 100vw, 512px\" \/>\t\t\t\t\t\t\t\t\t\t\t\t\t\t\t<\/p>\n<p>Contribuci\u00f3n al medio ambiente: Al producir tu propia energ\u00eda con paneles fotovoltaicos, contribuyes a la reducci\u00f3n de emisiones de gases contaminantes y a la protecci\u00f3n del medio ambiente.<br \/>\u00a0<\/p>\n<p>Con Creaius puedes acceder a una asesor\u00eda personalizada y una instalaci\u00f3n de calidad para que aproveches al m\u00e1ximo las ventajas del autoconsumo. \u00a1Descubre c\u00f3mo puedes hacer la diferencia con Creaius!<\/p>\n<h3>\u00bfA que esperas? \u00a1Ench\u00fafate al sol!<\/h3>\n<p>Rellena este breve formulario para poder ofrecerte la mejor oferta <b>sin compromiso<\/b><\/p>\n<p role=\"status\" aria-live=\"polite\" aria-atomic=\"true\">\n<ul><\/ul>\n<form action=\"\/wp-admin\/admin-ajax.php#wpcf7-f1211-o1\" method=\"post\" aria-label=\"Formulario de contacto\" enctype=\"multipart\/form-data\" novalidate=\"novalidate\" data-status=\"init\">\n<input type=\"hidden\" name=\"_wpcf7\" value=\"1211\" \/><br \/>\n<input type=\"hidden\" name=\"_wpcf7_version\" value=\"5.7.3\" \/><br \/>\n<input type=\"hidden\" name=\"_wpcf7_locale\" value=\"es_ES\" \/><br \/>\n<input type=\"hidden\" name=\"_wpcf7_unit_tag\" value=\"wpcf7-f1211-o1\" \/><br \/>\n<input type=\"hidden\" name=\"_wpcf7_container_post\" value=\"0\" \/><br \/>\n<input type=\"hidden\" name=\"_wpcf7_posted_data_hash\" value=\"\" \/><br \/>\n<input type=\"hidden\" name=\"_wpcf7cf_hidden_group_fields\" value=\"[]\" \/><br \/>\n<input type=\"hidden\" name=\"_wpcf7cf_hidden_groups\" value=\"[]\" \/><br \/>\n<input type=\"hidden\" name=\"_wpcf7cf_visible_groups\" value=\"[]\" \/><br \/>\n<input type=\"hidden\" name=\"_wpcf7cf_repeaters\" value=\"[]\" \/><br \/>\n<input type=\"hidden\" name=\"_wpcf7cf_steps\" value=\"{}\" \/><br \/>\n<input type=\"hidden\" name=\"_wpcf7cf_options\" value=\"{&quot;form_id&quot;:1211,&quot;conditions&quot;:[],&quot;settings&quot;:{&quot;animation&quot;:&quot;yes&quot;,&quot;animation_intime&quot;:200,&quot;animation_outtime&quot;:200,&quot;conditions_ui&quot;:&quot;normal&quot;,&quot;notice_dismissed&quot;:false}}\" \/><\/p>\n<p><label> Nombre y Apellidos<br \/>\n<input size=\"40\" autocomplete=\"name\" aria-required=\"true\" aria-invalid=\"false\" value=\"\" type=\"text\" name=\"your-name\" \/> <\/label>\n<\/p>\n<p><label> Tu correo electr\u00f3nico<br \/>\n<input size=\"40\" autocomplete=\"email\" aria-required=\"true\" aria-invalid=\"false\" value=\"\" type=\"email\" name=\"your-email\" \/> <\/label>\n<\/p>\n<p><label> Tu n\u00famero de tel\u00e9fono<br \/>\n<input size=\"40\" aria-required=\"true\" aria-invalid=\"false\" value=\"\" type=\"tel\" name=\"tel-517\" \/><br \/>\n<label> Tu direcci\u00f3n (donde se har\u00e1 la instalaci\u00f3n)<br \/>\n<input size=\"40\" aria-required=\"true\" aria-invalid=\"false\" value=\"\" type=\"text\" name=\"text-624\" \/><br \/>\n<label> Te contactamos mediante<br \/>\n<select aria-required=\"true\" aria-invalid=\"false\" name=\"Tecontactamosmediante\"><option value=\"Tel\u00e9fono\">Tel\u00e9fono<\/option><option value=\"WhatsApp\">WhatsApp<\/option><option value=\"E-Mail\">E-Mail<\/option><option value=\"Indiferente\">Indiferente<\/option><\/select><br \/>\n<label> Adjunta t\u00fa \u00faltima factura.<br \/>\n<input size=\"40\" accept=\".pdf,.jpg,.png,.heic\" aria-invalid=\"false\" type=\"file\" name=\"file-266\" \/><br \/>\n<label><br \/>\n<input type=\"submit\" value=\"Enviar\" \/><\/label><\/label><\/label><\/label><\/label>\n<\/p>\n<\/form>\n","protected":false},"excerpt":{"rendered":"<p>Energ\u00eda Fotovoltaica La energ\u00eda fotovoltaica es una forma de energ\u00eda renovable que convierte la luz solar en energ\u00eda el\u00e9ctrica. Esta tecnolog\u00eda es una soluci\u00f3n sostenible y respetuosa con el medio ambiente, y permite reducir la dependencia de los combustibles f\u00f3siles y ahorrar en facturas de energ\u00eda.\u00a0 \u00a1\u00danete a la revoluci\u00f3n energ\u00e9tica con Creaius! En Creaius [&hellip;]<\/p>\n","protected":false},"author":1,"featured_media":0,"parent":0,"menu_order":0,"comment_status":"closed","ping_status":"open","template":"elementor_header_footer","meta":[],"aioseo_notices":[],"_links":{"self":[{"href":"https:\/\/creaius.es\/index.php\/wp-json\/wp\/v2\/pages\/1042"}],"collection":[{"href":"https:\/\/creaius.es\/index.php\/wp-json\/wp\/v2\/pages"}],"about":[{"href":"https:\/\/creaius.es\/index.php\/wp-json\/wp\/v2\/types\/page"}],"author":[{"embeddable":true,"href":"https:\/\/creaius.es\/index.php\/wp-json\/wp\/v2\/users\/1"}],"replies":[{"embeddable":true,"href":"https:\/\/creaius.es\/index.php\/wp-json\/wp\/v2\/comments?post=1042"}],"version-history":[{"count":95,"href":"https:\/\/creaius.es\/index.php\/wp-json\/wp\/v2\/pages\/1042\/revisions"}],"predecessor-version":[{"id":1802,"href":"https:\/\/creaius.es\/index.php\/wp-json\/wp\/v2\/pages\/1042\/revisions\/1802"}],"wp:attachment":[{"href":"https:\/\/creaius.es\/index.php\/wp-json\/wp\/v2\/media?parent=1042"}],"curies":[{"name":"wp","href":"https:\/\/api.w.org\/{rel}","templated":true}]}}